 i(h).
-8
Let c(n) be the first derivative of -1/4*n**4 - 10/3*n**3 - 49 - n**2 - 9*n. What is c(-10)?
11
Let h be (-18)/135*(8 - 483/56). Let s(n) be the third derivative of -h*n**4 + 0*n + 18*n**2 + 0 + 1/2*n**3 - 1/60*n**5. Give s(2).
-5
Let m(d) = 13*d**3 - 27*d**2 + 16*d - 13. Let r(h) = -15*h**3 + 30*h**2 - 16*h + 13. Let k(p) = 7*m(p) + 6*r(p). Suppose -4*b + 11 + 17 = 0. Give k(b).
1
Let s = 5903 + -5898. Let z(w) = -4*w + 26. Calculate z(s).
6
Let k(p) = -17*p + 11. Let i(j) = 9*j - 6. Let o(r) = -5*i(r) - 3*k(r). Let h(b) = -6*b + 3. Let y(g) = 3*h(g) + 4*o(g). Give y(3).
15
Let h be (7 - 2)*9/(-6 - 3). Let k(m) = m**2 + 8*m - 2. Let v(z) = z**2 + 8*z - 3. Let p(a) = -4*k(a) + 5*v(a). What is p(h)?
-22
Let w(s) = s**3 + 10*s**2 + 15*s - 7. Let n = -395 + 522. Suppose -14*u + 15 - n = 0. Calculate w(u).
1
Let x = 25019 + -25029. Let f(k) = -k**3 - 9*k**2 + 10*k + 12. Give f(x).
12
Suppose 15 = -5*b + 35. Suppose b*i + 8 = 0, -2*i + 0 = 5*y - 6. Let a(q) = 3*q**2 - 9*q**y - 3*q - 13*q**3 + 18*q**3 - 9 - 6*q**3. Give a(-6).
9
Suppose -3*j = 35*j - 76. Let a(b) = -8*b**2 + 6*b - 8*b**j - 3 - 8*b**2 + 27*b**2 - 11*b. Give a(3).
9
Let o(j) be the third derivative of j**5/60 - j**4/6 + j**3/2 - j**2. Let m = 125496 - 125491. Give o(m).
8
Let f(y) = -y**2 - 6*y + 6. Let g(p) = p**2 + 10*p. Let z be g(-10). Suppose -11*k + 13*k - 56 = z. Suppose 4*j = -m - k, m - 4 = 2*j + 4. Determine f(j).
6
Let g(h) be the second derivative of -5/2*h**2 + 3/2*h**3 - 1/12*h**4 - 18*h + 0. Suppose -18 = -0*o - 2*o. Determine g(o).
-5
Let o(u) = 41*u - 241. Let n be o(6). Let a(q) = -n + 3 - 2*q + q + 12 - 9. Calculate a(6).
-5
Let p(g) = -g - 4. Let q = -1 - -14. Suppose z + 16 = 5*u - 34, -5*u - 3*z = -50. Let t = u - q. What is p(t)?
-1
Let a(z) be the third derivative of z**6/120 + z**5/6 - 5*z**4/12 + 4*z**3/3 - z**2. Suppose 5*x + 14*h = 11*h - 76, -4*h - 94 = 6*x. What is a(x)?
-3
Let h(l) = -59*l**2 - 4*l - 10. Let j(u) = -12*u**2 - u - 1. Let t(n) = -h(n) + 5*j(n). Suppose -4*x + 8*x - 16 = 0. What is t(x)?
-15
Let o(u) = -3*u**2 - 250961*u**3 + u + 7*u**2 + 1 + 250964*u**3. Give o(-2).
-9
Let k be (4 + -2)/((-75)/(-10) + -7). Let s(n) = -11*n + k*n + n**3 - 6*n**2 + 15*n**2. Determine s(-10).
-30
Let c(w) be the third derivative of -w**5/60 + 13*w**4/24 + 2*w**3/3 + w**2. Let a be (195/(-60))/((18/(-24))/3). What is c(a)?
4
Let w(u) = -u**3 + 4*u**2 + 3*u + 3. Let c be ((-135)/5)/((-4)/28). Let l = -184 + c. Determine w(l).
-7
Let w(d) be the second derivative of 0*d**2 - 17*d + 1/24*d**4 + 0 + 2/3*d**3 - 1/24*d**5. Let o(u) be the second derivative of w(u). What is o(1)?
-4
Let t(a) = -4 + 15*a**2 + 3 - 19*a**2. Let r(b) = b**2 + 13*b - 15. Let l be r(-13). Let u be l/(-18) - (38/(-12) - -3). Calculate t(u).
-5
Suppose -43 + 70 = 9*l. Let z(r) = 9*r**2 + 1 - 8*r**2 - r + 0 - 2*r**l + 0 + 0. Give z(2).
-13
Let r be (104 - 97)*75/(-35). Let a(d) = -d**2 - 7*d + 49. Determine a(r).
-71
Let z(r) = -r**2 - 17*r - 135. Let b(t) = t**2 + 7*t + 68. Let g(f) = -5*b(f) - 3*z(f). Give g(11).
-1
Suppose 12*x + 60 = 2*k, 0 = k + 2*x - 25 + 43. Let b(r) = 6*r + 28. Let d(u) = -3*u - 14. Let l(g) = 3*b(g) + 7*d(g). Determine l(k).
4
Let t(u) = -u**2 - 19 - 3 + 0 + 7*u + 12 + 0*u**2. Give t(6).
-4
Let w(h) = 10*h**2 + 7*h - 7. Let j(o) = 18*o**2 + 14*o - 12. Let g(y) = -6*j(y) + 11*w(y). What is g(4)?
-1
Let i(a) = -18*a - 6. Let y(v) = 20*v + 6. Let x(t) = 7*i(t) + 6*y(t). Determine x(-7).
36
Let k be (-19)/(-8) - 31/((-2728)/(-33)). Let f(g) = -g - 5. Calculate f(k).
-7
Suppose -f = 2*j - 8, 2*j + 0 = 5*f - 4. Let r be (3/f)/((-10)/(-60)). Let w(q) = -q + 9. Let z(k) = k - 8. Let g(m) = 5*w(m) + 6*z(m). Determine g(r).
6
Suppose -264 = -93*k + 27*k. Let h(z) = -3*z**3 + 3*z**2 + 17*z + 7. Let s(a) = a**3 - a**2 - 6*a - 2. Let c(t) = 3*h(t) + 8*s(t). What is c(k)?
-31
Let n(o) = o**3 + 27*o**2 + 4244 + 10*o - 4252 - 36*o**2. Calculate n(8).
8
Suppose 5*v = 10*a - 5*a - 55, -13 = -2*a - v. Suppose 2 = 2*j - 4, -3*b = 3*j - 27. Let h(y) = -1 + 1686*y**2 - a*y + 0*y + b - 1685*y**2. Calculate h(7).
-2
Suppose -6*t + 37 = -5. Suppose 4*b + 1 = 4*s + 37, 4*s - 20 = -4*b. Let o(h) = t*h - b*h + h**2 + 6*h**2. What is o(1)?
7
Suppose 3*k + 14 = 4*t, -k = -t - 3*t + 10. Let u(v) = -v**3 - 3*v**t + 18 + 23 + 15 - 53. Calculate u(-3).
3
Suppose u = 5*i + 6, u - 36*i + 4 = -41*i. Let k(h) = 37*h + 3. Determine k(u).
40
Let a(m) be the third derivative of 1/60*m**6 + 1/6*m**3 + 0*m + 22*m**2 + 0 - 1/12*m**4 - 1/60*m**5. Calculate a(2).
9
Let c be 540/66 + (-2)/11. Let w(h) = h**3 - 9*h**2 - 13*h - 6. Let p be w(10). Let d be 3/(p/c - -3). Let k(x) = x**3 - 2*x - 1. Determine k(d).
-5
Let g(p) = p**3 + 6*p**2 - 6. Suppose 8*v + 19 = -w + 3*v, 16 = -4*v. Let d be (2 + 0)/(w*(-7)/21). Calculate g(d).
-6
Let u(x) be the second derivative of -x**7/2520 + x**6/240 + x**5/20 + 52*x**4/3 - 140*x - 2. Let t(g) be the third derivative of u(g). Determine t(4).
2
Let m(k) = k**3 + 23*k**2 + 123*k + 39. Let q be -1*(-4326)/(-294) - (1 + 10/(-14)). Give m(q).
-6
Let u(d) = 3*d - 61. Let t(o) = 2*o - 60. Let g(a) = -5*t(a) + 6*u(a). Let y be g(9). Let s(b) = -3*b. What is s(y)?
-18
Let u(h) = -h**3 + 3*h**2 - 2. Let j be u(-2). Let c(l) = l**2 - 20*l + 43. Let v be c(j). Let n(s) = s - 9 + 24 - v. Calculate n(-7).
1
Let g(z) = -3*z + 157 - 41 - 39 - 40 - 44. Calculate g(-5).
8
Let y(o) = -45*o - 9 + 233*o - 134*o - 53*o. What is y(-19)?
-28
Let p(l) = -11*l + 9. Suppose -3*i = 34*j - 30*j + 21, 4*j = 3*i - 27. Give p(i).
-2
Let b(c) be the first derivative of -c**3/3 - 5*c**2/2 + c - 1. Let p(s) = -4*s**2 - 20*s + 4. Let x(k) = -9*b(k) + 2*p(k). Let l = 32 - 36. What is x(l)?
-5
Let j(d) = -d**3 - 8*d**2 + 38*d + 4. Let i be j(-11). Let u be (-118 - 0)*2/(-4). Let t = i + u. Let f(a) = a**3 - 8*a**2 + a - 11. Determine f(t).
-3
Let p(h) = 26962*h**2 + 7 - 2*h - 26963*h**2 + 3. Let b be (-1 + 1)/(-8 + 2 - -4). Calculate p(b).
10
Let a(b) = -3*b - 14. Suppose -360 = 66*t - 69*t. Suppose 0 = -17*w + 7*w - t. Determine a(w).
22
Let u(k) = 82*k**3 - 32*k**2 + 11*k - 137. Let h(p) = 29*p**3 - 11*p**2 + 4*p - 49. Let g(c) = -17*h(c) + 6*u(c). Give g(-4).
3
Let w(s) = -97*s + 29*s - 5 + 29*s + 34*s. Let c be (1*2)/(4/14). What is w(c)?
-40
Let j(u) = 2*u**3 + 11*u**2 + 4*u - 8. Suppose 388*x - 381*x = -119. Let r be 22/66*(2 + x). Give j(r).
-3
Let c be 32 + 3/1*18/(-27). Suppose 2*i + c = -2*v, 0 = -2*v + 6*v - 5*i + 105. Let b = v + 16. Let l(f) = -f**2 + f + 3. Determine l(b).
-17
Let u(t) = -183*t - 504. Let r(m) = -83*m - 251. Let n(o) = -5*r(o) + 2*u(o). Give n(-5).
2
Let o(n) be the third derivative of -n**6/120 + n**5/15 - 2*n**3/3 - n**2. Let x(g) = g**2 - 1049*g - 6326. Let f be x(-6). Determine o(f).
-4
Let a be (-10)/50 + -3 + (-132)/15 + -3. Let l(t) = -t - 16. Give l(a).
-1
Suppose 23*m + 47 - 415 = 0. Suppose 2*x + l = -0*l + 4, -4*l = 0. Let a(i) = -2*i - 15*i**2 + m*i**x + 5 + 9*i. What is a(-4)?
-7
Let v(m) = m**3 + 8*m**2 - 7*m - 2. Let c(o) = 3*o**2 + 51*o + 117. Let d be c(-14). Give v(d).
-20
Let b(q) be the third derivative of 11*q**5/60 + q**3/6 - 2*q**2 + 2*q + 887. Let m(x) = x - 9. Let g be m(8). Determine b(g).
12
Let d be 9/90*10 + -2 + 0. Let p(m) = -m**3 - 2*m**2 + m + 4. Let w(z) = z**3 + z**2 - z - 3. Suppose 2*s + 2 = -6. Let o(h) = s*w(h) - 3*p(h). Give o(d).
2
Let h(t) = -67*t - 79*t - 73*t + 322*t + 17 - 86*t. Give h(-1).
0
Let r(n) be the first derivative of n**3/3 + 4*n**2 - n - 3. Let b = 75 + -65. Suppose b*i - 15*i - 40 = 0. Determine r(i).
-1
Let l(y) = 12*y**3 + 25*y**2 + 3*y + 15. Let x(a) = -5*a**3 - 6*a**2 - 2. Let q(n) = -l(n) - 4*x(n). Calculate q(-2).
-69
Suppose -2*r - 52 = -4*x + 2, -31 = -x - 3*r. Suppose -3*i = x*i. Let n(d) = -d**2 - d + 16. Determine n(i).
16
Let c(b) = 8*b + 84. Let s(j) = -853*j + 8512. Let k be s(10). Calculate c(k).
-60
Let a(q) = 9*q**2 + 7*q + 11. Let p(h) = 4*h**2 + 4*h + 5. Let b(l) = -3*a(l) + 7*p(l). Let n be (-51)/(-36)*-3 - (-3)/(-4). Determine b(n).
-8
Suppose 0 = -2*h + 14*h - 900. Let u = h + -75. Let l(s) = 2*s + 7*s - s + u*s. What is l(2)?
16
Let h(s) = 1 - 10 + 3 - s - 30 - 21. Give h(0).
-57
Let u = -856 + 854. Let p be 0/u*11/(-11). Let g(n) = n - 4. Determine g(p).
-4
Let t be (-16)/40*-5*(-9)/(-6).